{"id":1294,"date":"2024-06-06T13:07:29","date_gmt":"2024-06-06T11:07:29","guid":{"rendered":"https:\/\/scitoedicions.org?page_id=1294"},"modified":"2024-06-06T13:22:25","modified_gmt":"2024-06-06T11:22:25","slug":"accessibilitat","status":"publish","type":"page","link":"https:\/\/scitoedicions.org\/es\/accessibilitat\/","title":{"rendered":"Accesibilidad"},"content":{"rendered":"<style>.wp-block-kadence-advancedheading.kt-adv-heading1294_2b8fd4-50, .wp-block-kadence-advancedheading.kt-adv-heading1294_2b8fd4-50[data-kb-block=\"kb-adv-heading1294_2b8fd4-50\"]{text-align:center;font-style:normal;}.wp-block-kadence-advancedheading.kt-adv-heading1294_2b8fd4-50 mark.kt-highlight, .wp-block-kadence-advancedheading.kt-adv-heading1294_2b8fd4-50[data-kb-block=\"kb-adv-heading1294_2b8fd4-50\"] mark.kt-highlight{font-style:normal;color:#f76a0c;-webkit-box-decoration-break:clone;box-decoration-break:clone;padding-top:0px;padding-right:0px;padding-bottom:0px;padding-left:0px;}<\/style>\n<h1 class=\"kt-adv-heading1294_2b8fd4-50 wp-block-kadence-advancedheading\" data-kb-block=\"kb-adv-heading1294_2b8fd4-50\">Declaraci\u00f3n de Accesibilidad<\/h1><p><strong>La fundaci\u00f3n<\/strong>, definida en la <a href=\"https:\/\/scitoedicions.orgpolitica-de-privadesa\/\" data-type=\"link\" data-id=\"https:\/\/scitoedicions.orgpolitica-de-privadesa\/\">pol\u00edtica de privacidad<\/a>, se ha comprometido a hacer accesibles sus sitios web de conformidad con el&nbsp;<a href=\"https:\/\/www.boe.es\/buscar\/act.php?id=BOE-A-2018-12699\">Real Decreto 1112\/2018, de 7 de septiembre&nbsp;<\/a>, sobre accesibilidad de los sitios web y aplicaciones para dispositivos m\u00f3viles del sector p\u00fablico (en adelante, Real Decreto 1112\/2018, de 7 de septiembre).<\/p><p><strong>Situaci\u00f3n de cumplimiento<\/strong><\/p><p>Este sitio web es&nbsp;<strong>parcialmente conforme<\/strong>&nbsp;con el Real Decreto 1112\/2018, de 7 de septiembre, debido a la falta de conformidad de los aspectos que se indican a continuaci\u00f3n.<\/p><p><strong>Contenido no accesible<\/strong><\/p><p>El contenido que se recoge a continuaci\u00f3n no es accesible por lo siguiente:<\/p><ul class=\"wp-block-list\"><li><strong>Falta de conformidad con el Real Decreto 1112\/2018, de 7 de septiembre<\/strong>: para algunos de los videos o im\u00e1genes<\/li>\n\n<li><strong>Carga desproporcionada<\/strong>: no aplica.<\/li><\/ul><p><strong>Preparaci\u00f3n de la presente declaraci\u00f3n de accesibilidad<\/strong><\/p><p>La presente declaraci\u00f3n fue preparada el 6 de junio de 2024.<\/p><p>El m\u00e9todo empleado para preparar la declaraci\u00f3n ha sido una autoevaluaci\u00f3n llevada a cabo por el propio organismo.<\/p><p>\u00daltima revisi\u00f3n de la declaraci\u00f3n:  6 de junio de 2024.<\/p><p><strong>Observaciones y datos de contacto<\/strong><\/p><p>Puede realizar comunicaciones sobre requisitos de accesibilidad (art\u00edculo 10.2.a) del Real Decreto 1112\/2018, de 7 de septiembre) como, por ejemplo:<\/p><ul class=\"wp-block-list\"><li>Informar sobre cualquier posible incumplimiento por parte de este sitio web.<\/li>\n\n<li>Transmitir otras dificultades de acceso al contenido.<\/li>\n\n<li>Formular cualquier otra consulta o sugerencia de mejora relativa a la accesibilidad del sitio web.<\/li><\/ul><p>A trav\u00e9s de las v\u00edas definidas en la p\u00e1gina de <a href=\"https:\/\/scitoedicions.orgcontacte\/\" data-type=\"page\" data-id=\"10\">contacto<\/a>.<\/p><p>Puede presentar una&nbsp;Queja&nbsp;relativa al cumplimiento de los requisitos del RD 1112\/2018 o una&nbsp;Solicitud de Informaci\u00f3n accesible&nbsp;relativa a:&nbsp;contenidos&nbsp;que est\u00e1n&nbsp;excluidos&nbsp;del&nbsp;\u00e1mbito de aplicaci\u00f3n&nbsp;del RD 1112\/2018 seg\u00fan lo establecido por el art\u00edculo 3, apartado 4, contenidos&nbsp;que est\u00e1n&nbsp;exentos&nbsp;del&nbsp;cumplimiento&nbsp;de los requisitos de accesibilidad por imponer una&nbsp;carga desproporcionada.<\/p><p>En la Solicitud de informaci\u00f3n accesible, se debe concretar, con toda claridad, los hechos, razones y petici\u00f3n que permitan constatar que se trata de una solicitud razonable y leg\u00edtima.<\/p><p>Las comunicaciones, quejas y solicitudes de informaci\u00f3n accesible ser\u00e1n recibidas y tratadas por&nbsp;<strong>la fundaci\u00f3n <\/strong>como unidad responsable de los contenidos de este sitio web.<\/p><p><strong>Contenido opcional<\/strong><\/p><ul class=\"wp-block-list\"><li>Uso de los est\u00e1ndares del W3C: XHTML 1.0, CSS 3.0, WAI AA.<\/li><\/ul><ul class=\"wp-block-list\"><li>El sitio web est\u00e1 optimizado para los navegadores<\/li>\n\n<li>Microsoft Internet Explorer 8.0&nbsp;o versiones superiores<\/li>\n\n<li>Las \u00faltimas versiones vigentes de:<ul class=\"wp-block-list\"><li>FireFox<\/li>\n\n<li>Safari<\/li>\n\n<li>Opera<\/li>\n\n<li>Google Chrome.<\/li><\/ul><\/li>\n\n<li>La&nbsp;resoluci\u00f3n web&nbsp;m\u00ednima&nbsp;recomendada es de&nbsp;1280\u00d71024.<\/li>\n\n<li>El sitio web est\u00e1 dise\u00f1ado para su visualizaci\u00f3n Responsive, con lo que se visualiza de forma \u00f3ptima en los dispositivos tablet y m\u00f3viles.<\/li>\n\n<li>En estos dispositivos est\u00e1 optimizado para su visualizaci\u00f3n en las \u00faltimas versiones vigentes de:<ul class=\"wp-block-list\"><li>Chrome for mobile<\/li>\n\n<li>Firefox for mobile<\/li>\n\n<li>Safari mobile<\/li>\n\n<li>Opera Mini<\/li>\n\n<li>Navegador nativo de Android.<\/li><\/ul><\/li><\/ul><p>Siendo conscientes de que la mera satisfacci\u00f3n de estos criterios no garantiza por s\u00ed sola un acceso f\u00e1cil a todos nuestros contenidos. Por eso, le invitamos a enviarnos sus comentarios y sugerencias a trav\u00e9s de nuestro formulario de <a href=\"https:\/\/scitoedicions.orgcontacte\/\" data-type=\"page\" data-id=\"10\">contacto<\/a>.<\/p><p>Nuestro objetivo es seguir trabajando cada d\u00eda en la mejora de la accesibilidad y la usabilidad de nuestro sitio web.<\/p><div style=\"height:100px\" aria-hidden=\"true\" class=\"wp-block-spacer\"><\/div>","protected":false},"excerpt":{"rendered":"<p>Declaraci\u00f3n de Accesibilidad La fundaci\u00f3n, definida en la pol\u00edtica de privacidad, se ha comprometido a hacer accesibles sus sitios web de conformidad con el&nbsp;Real Decreto 1112\/2018, de 7 de septiembre&nbsp;, sobre accesibilidad de los sitios web y aplicaciones para dispositivos m\u00f3viles del sector p\u00fablico (en adelante, Real Decreto 1112\/2018, de 7 de septiembre). Situaci\u00f3n de&#8230;<\/p>","protected":false},"author":1,"featured_media":0,"parent":0,"menu_order":0,"comment_status":"closed","ping_status":"closed","template":"","meta":{"_kadence_starter_templates_imported_post":false,"_kad_post_transparent":"","_kad_post_title":"","_kad_post_layout":"normal","_kad_post_sidebar_id":"","_kad_post_content_style":"unboxed","_kad_post_vertical_padding":"","_kad_post_feature":"","_kad_post_feature_position":"","_kad_post_header":false,"_kad_post_footer":false,"footnotes":""},"class_list":["post-1294","page","type-page","status-publish","hentry"],"_links":{"self":[{"href":"https:\/\/scitoedicions.org\/es\/wp-json\/wp\/v2\/pages\/1294","targetHints":{"allow":["GET"]}}],"collection":[{"href":"https:\/\/scitoedicions.org\/es\/wp-json\/wp\/v2\/pages"}],"about":[{"href":"https:\/\/scitoedicions.org\/es\/wp-json\/wp\/v2\/types\/page"}],"author":[{"embeddable":true,"href":"https:\/\/scitoedicions.org\/es\/wp-json\/wp\/v2\/users\/1"}],"replies":[{"embeddable":true,"href":"https:\/\/scitoedicions.org\/es\/wp-json\/wp\/v2\/comments?post=1294"}],"version-history":[{"count":3,"href":"https:\/\/scitoedicions.org\/es\/wp-json\/wp\/v2\/pages\/1294\/revisions"}],"predecessor-version":[{"id":1304,"href":"https:\/\/scitoedicions.org\/es\/wp-json\/wp\/v2\/pages\/1294\/revisions\/1304"}],"wp:attachment":[{"href":"https:\/\/scitoedicions.org\/es\/wp-json\/wp\/v2\/media?parent=1294"}],"curies":[{"name":"wp","href":"https:\/\/api.w.org\/{rel}","templated":true}]}}

<style>.wp-block-kadence-advancedheading.kt-adv-heading1294_2b8fd4-50, .wp-block-kadence-advancedheading.kt-adv-heading1294_2b8fd4-50[data-kb-block="kb-adv-heading1294_2b8fd4-50"]{text-align:center;font-style:normal;}.wp-block-kadence-advancedheading.kt-adv-heading1294_2b8fd4-50 mark.kt-highlight, .wp-block-kadence-advancedheading.kt-adv-heading1294_2b8fd4-50[data-kb-block="kb-adv-heading1294_2b8fd4-50"] mark.kt-highlight{font-style:normal;color:#f76a0c;-webkit-box-decoration-break:clone;box-decoration-break:clone;padding-top:0px;padding-right:0px;padding-bottom:0px;padding-left:0px;}</style>
<h1 class="kt-adv-heading1294_2b8fd4-50 wp-block-kadence-advancedheading" data-kb-block="kb-adv-heading1294_2b8fd4-50">Declaración de Accesibilidad</h1><p><strong>La fundación</strong>, definida en la <a href="https://scitoedicions.orgpolitica-de-privadesa/" data-type="link" data-id="https://scitoedicions.orgpolitica-de-privadesa/">política de privacidad</a>, se ha comprometido a hacer accesibles sus sitios web de conformidad con el&nbsp;<a href="https://www.boe.es/buscar/act.php?id=BOE-A-2018-12699">Real Decreto 1112/2018, de 7 de septiembre&nbsp;</a>, sobre accesibilidad de los sitios web y aplicaciones para dispositivos móviles del sector público (en adelante, Real Decreto 1112/2018, de 7 de septiembre).</p><p><strong>Situación de cumplimiento</strong></p><p>Este sitio web es&nbsp;<strong>parcialmente conforme</strong>&nbsp;con el Real Decreto 1112/2018, de 7 de septiembre, debido a la falta de conformidad de los aspectos que se indican a continuación.</p><p><strong>Contenido no accesible</strong></p><p>El contenido que se recoge a continuación no es accesible por lo siguiente:</p><ul class="wp-block-list"><li><strong>Falta de conformidad con el Real Decreto 1112/2018, de 7 de septiembre</strong>: para algunos de los videos o imágenes</li>

<li><strong>Carga desproporcionada</strong>: no aplica.</li></ul><p><strong>Preparación de la presente declaración de accesibilidad</strong></p><p>La presente declaración fue preparada el 6 de junio de 2024.</p><p>El método empleado para preparar la declaración ha sido una autoevaluación llevada a cabo por el propio organismo.</p><p>Última revisión de la declaración:  6 de junio de 2024.</p><p><strong>Observaciones y datos de contacto</strong></p><p>Puede realizar comunicaciones sobre requisitos de accesibilidad (artículo 10.2.a) del Real Decreto 1112/2018, de 7 de septiembre) como, por ejemplo:</p><ul class="wp-block-list"><li>Informar sobre cualquier posible incumplimiento por parte de este sitio web.</li>

<li>Transmitir otras dificultades de acceso al contenido.</li>

<li>Formular cualquier otra consulta o sugerencia de mejora relativa a la accesibilidad del sitio web.</li></ul><p>A través de las vías definidas en la página de <a href="https://scitoedicions.orgcontacte/" data-type="page" data-id="10">contacto</a>.</p><p>Puede presentar una&nbsp;Queja&nbsp;relativa al cumplimiento de los requisitos del RD 1112/2018 o una&nbsp;Solicitud de Información accesible&nbsp;relativa a:&nbsp;contenidos&nbsp;que están&nbsp;excluidos&nbsp;del&nbsp;ámbito de aplicación&nbsp;del RD 1112/2018 según lo establecido por el artículo 3, apartado 4, contenidos&nbsp;que están&nbsp;exentos&nbsp;del&nbsp;cumplimiento&nbsp;de los requisitos de accesibilidad por imponer una&nbsp;carga desproporcionada.</p><p>En la Solicitud de información accesible, se debe concretar, con toda claridad, los hechos, razones y petición que permitan constatar que se trata de una solicitud razonable y legítima.</p><p>Las comunicaciones, quejas y solicitudes de información accesible serán recibidas y tratadas por&nbsp;<strong>la fundación </strong>como unidad responsable de los contenidos de este sitio web.</p><p><strong>Contenido opcional</strong></p><ul class="wp-block-list"><li>Uso de los estándares del W3C: XHTML 1.0, CSS 3.0, WAI AA.</li></ul><ul class="wp-block-list"><li>El sitio web está optimizado para los navegadores</li>

<li>Microsoft Internet Explorer 8.0&nbsp;o versiones superiores</li>

<li>Las últimas versiones vigentes de:<ul class="wp-block-list"><li>FireFox</li>

<li>Safari</li>

<li>Opera</li>

<li>Google Chrome.</li></ul></li>

<li>La&nbsp;resolución web&nbsp;mínima&nbsp;recomendada es de&nbsp;1280×1024.</li>

<li>El sitio web está diseñado para su visualización Responsive, con lo que se visualiza de forma óptima en los dispositivos tablet y móviles.</li>

<li>En estos dispositivos está optimizado para su visualización en las últimas versiones vigentes de:<ul class="wp-block-list"><li>Chrome for mobile</li>

<li>Firefox for mobile</li>

<li>Safari mobile</li>

<li>Opera Mini</li>

<li>Navegador nativo de Android.</li></ul></li></ul><p>Siendo conscientes de que la mera satisfacción de estos criterios no garantiza por sí sola un acceso fácil a todos nuestros contenidos. Por eso, le invitamos a enviarnos sus comentarios y sugerencias a través de nuestro formulario de <a href="https://scitoedicions.orgcontacte/" data-type="page" data-id="10">contacto</a>.</p><p>Nuestro objetivo es seguir trabajando cada día en la mejora de la accesibilidad y la usabilidad de nuestro sitio web.</p><div style="height:100px" aria-hidden="true" class="wp-block-spacer"></div>

<p>Declaración de Accesibilidad La fundación, definida en la política de privacidad, se ha comprometido a hacer accesibles sus sitios web de conformidad con el&nbsp;Real Decreto 1112/2018, de 7 de septiembre&nbsp;, sobre accesibilidad de los sitios web y aplicaciones para dispositivos móviles del sector público (en adelante, Real Decreto 1112/2018, de 7 de septiembre). Situación de&#8230;</p>
